Calculate w(22).
-26
Let b(p) = -18*p**2 + 22765*p + 627800. What is b(-27)?
23
Let j(d) = d**3 - 115*d**2 - 491*d + 16131. Give j(118).
-35
Let b(r) = 4986*r - 378939. Determine b(76).
-3
Let b(a) = -8978*a + 17951. Give b(2).
-5
Let t(w) = 10767*w - 205075. Give t(19).
-502
Let y(p) = -349*p - 36277. Determine y(-104).
19
Let m(v) = -2*v**2 - 1098*v - 256. What is m(0)?
-256
Let i(d) = -9*d**2 - 4102*d - 129061. Give i(-34).
3
Let v(k) = 16*k**2 + 2622*k + 4867. Determine v(-162).
7
Let o(k) = -k**3 + 25*k**2 - 571*k + 5393. Give o(13).
-2
Let v(j) = j**2 + 3335*j + 10000. Determine v(-3).
4
Let i(p) = -76*p**3 - 690*p**2 - 24*p + 199. What is i(-9)?
-71
Let j(k) = k**3 + 255*k**2 + 3597*k - 1365. Calculate j(-240).
-645
Let d(a) = -a**3 - 282*a**2 + 4143*a + 41. Give d(14).
27
Let k(g) = -g**3 + 5*g**2 + 87*g + 48. What is k(-11)?
1027
Let c(l) = l**2 + 98*l - 5944. Calculate c(50).
1456
Let g(t) = 35309*t - 211903. Calculate g(6).
-49
Let c(g) = g**3 + 2369*g**2 + 205037*g - 166367. What is c(-2279)?
0
Let t(c) = 12*c**2 - 305*c + 3780. Calculate t(13).
1843
Let g(j) = 663*j**3 - 2*j**2 + 1324*j - 1324. Determine g(1).
661
Let r(f) = 9*f**2 - 245*f - 31. Give r(28).
165
Let i(j) = -21*j**2 + 626*j - 6114. Give i(10).
-1954
Let z(r) = 352*r + 7624. Calculate z(-19).
936
Let q(d) = d**3 - 55*d**2 + 79*d - 55. Give q(53).
-1486
Let x(z) = 5*z**3 - 433*z**2 + 286*z - 2476. Give x(86).
-68
Let w(j) = 3*j**3 - 266*j**2 + 1506*j - 95. Give w(6).
13
Let a(x) = -3*x**3 - 12*x**2 + 12*x - 12. Calculate a(8).
-2220
Let d(v) = v**3 + 35*v**2 + 230*v - 49. Determine d(-9).
-13
Let p(n) = -2*n**3 - 260*n**2 - 8430*n + 116. Give p(-62).
-8
Let y(x) = 20275*x - 162211. What is y(8)?
-11
Let s(k) = -2660*k - 58604. What is s(-22)?
-84
Let x(p) = -41*p**3 + 14*p**2 - 41*p - 19. What is x(3)?
-1123
Let w(y) = -y**3 + 42*y**2 + 93*y - 183. Calculate w(44).
37
Let g(j) = -2*j**2 + 572*j - 34064. What is g(201)?
106
Let t(q) = 2*q**3 + 87*q**2 - 127*q + 666. Determine t(-45).
306
Let d(m) = 2*m**2 + 425*m + 22473. What is d(-109)?
-90
Let i(m) = m**3 - 122*m**2 + 2015*m + 2515. What is i(102)?
-35
Let r(c) = 1324*c - 410443. Calculate r(310).
-3
Let q(r) = 41*r**2 - 21*r - 15. Calculate q(3).
291
Let o(l) = -42*l**3 + 167*l**2 + 1899*l + 13. What is o(-5)?
-57
Let o(c) = -c**3 + 13*c**2 + 9*c - 87. Calculate o(8).
305
Let r(s) = -233*s**2 + 2374*s + 45746. What is r(20)?
26
Let l(i) = i**3 + 35*i**2 - 267*i - 7481. What is l(-37)?
-340
Let x(h) = 5*h**2 - 398*h + 6507. Determine x(23).
-2
Let c(k) = -k**3 - 6*k**2 + 3753*k + 22559. Determine c(-6).
41
Let l(x) = 6420*x - 166932. Give l(26).
-12
Let m(t) = -t**3 - 68*t**2 - 1076*t - 52. Determine m(-43).
-9
Let h(x) = -x**2 + 653*x - 61879. What is h(115)?
-9
Let m(a) = a**3 + 22*a**2 + 42*a + 150. Give m(-6).
474
Let y(x) = -77710*x - 854826. Determine y(-11).
-16
Let u(h) = 18*h**2 - 896*h - 1861. What is u(52)?
219
Let j(s) = -3101*s - 530242. Calculate j(-171).
29
Let y(w) = -565479*w - 3392859. Calculate y(-6).
15
Let h(s) = -2*s**2 - 91*s - 566. Give h(-48).
-806
Let l(k) = 26410*k + 153957. Give l(-6).
-4503
Let d(v) = 228*v**2 - 372*v - 34. Determine d(2).
134
Let b(u) = -80693*u + 322770. What is b(4)?
-2
Let p(r) = -2*r**3 - 108*r**2 + 119*r + 503. Calculate p(-55).
8
Let c(p) = -3*p**3 + 17*p**2 - 42*p + 113. Give c(7).
-377
Let s(m) = -39*m**2 + 29*m + 47. Determine s(-1).
-21
Let w(l) = l**3 + 22*l**2 - 112*l - 2441. What is w(-11)?
122
Let d(h) = 17845*h - 126311. Give d(7).
-1396
Let x(n) = 7*n**3 - 1175*n**2 + 2158*n + 91. Calculate x(166).
91
Let p(t) = 10213*t + 2543042. Give p(-249).
5
Let k(x) = 1793*x + 25084. What is k(-14)?
-18
Let d(z) = -239*z + 7173. Calculate d(30).
3
Let l(y) = y**2 + 214*y + 5741. Calculate l(-57).
-3208
Let q(d) = -d**3 - 72*d**2 + 1201*d - 141. Give q(-86).
117
Let w(t) = 295523*t + 7092551. What is w(-24)?
-1
Let p(a) = -317*a - 10268. Give p(-31).
-441
Let i(t) = t**3 - t**2 - 16680*t + 50021. Determine i(3).
-1
Let q(c) = -11*c**2 - 1103*c - 27184. Determine q(-51).
458
Let u(h) = 289*h - 25892. Determine u(89).
-171
Let l(o) = 3*o**2 + 14552*o - 131022. Determine l(9).
189
Let o(l) = -1961*l + 5483. Calculate o(6).
-6283
Let z(q) = 6*q**3 - 28*q**2 - 3478*q + 143. Give z(-22).
-781
Let j(x) = -1423*x - 21531. Determine j(-15).
-186
Let a(y) = -y**3 - 55*y**2 - 46*y - 2834. Determine a(-55).
-304
Let r(g) = -12248*g**2 - 1788205*g + 427. Give r(-146).
-11
Let d(x) = -3*x**3 + 4*x**2 - 72*x + 158. Give d(2).
6
Let n(m) = -m**3 - 63*m**2 - 467*m + 593. Determine n(-10).
-37
Let l(x) = -x**3 + 25*x**2 + 3153*x + 78. Determine l(-45).
-57
Let w(s) = -61*s**2 - 3293*s + 3414. Calculate w(-55).
4
Let z(x) = -x**2 + 32*x + 413. Give z(-9).
44
Let z(i) = i**2 - 91*i - 5567. Calculate z(133).
19
Let r(t) = t**3 - 11*t**2 + 79*t + 13. What is r(5)?
258
Let l(g) = g**2 - 579*g + 35205. Give l(69).
15
Let n(j) = -33044*j + 627793. Determine n(19).
-43
Let i(n) = -3*n**2 + 470*n - 17824. What is i(82)?
544
Let q(k) = -34*k**2 + 12091*k + 4631. Give q(356).
3
Let g(u) = 2*u**3 + 623*u**2 + 2526*u - 72767. Determine g(-307).
-8
Let w(g) = -g**3 - 5*g**2 + 3168*g + 15916. Determine w(-5).
76
Let k(c) = 4*c**2 - 48*c - 722. Calculate k(22).
158
Let m(i) = 3*i**3 - 46*i**2 - 520*i - 180. Calculate m(23).
27
Let u(b) = 1864*b - 354117. Calculate u(190).
43
Let p(b) = -2008*b + 25559. Calculate p(12).
1463
Let o(b) = 296*b**2 - 5662*b + 728. Calculate o(19).
6
Let d(x) = 1853*x - 20949. Calculate d(12).
1287
Let i(g) = -248*g + 4501. Give i(18).
37
Let b(m) = -26*m**3 + 271*m**2 + 171*m + 25. Calculate b(11).
91
Let b(v) = -v**3 + 29*v**2 + 164*v - 13. Give b(-4).
-141
Let y(j) = 3*j**3 + 146*j**2 + 23*j + 1728. Calculate y(-49).
-1800
Let q(l) = 94294*l + 19235969. Calculate q(-204).
-7
Let p(r) = 377*r**2 - 619*r + 8. Give p(2).
278
Let k(y) = 991*y + 482090. What is k(-486)?
464
Let p(w) = 2*w**3 + 8*w**2 + 163*w + 905. Give p(-5).
40
Let f(v) = -v**3 + 277*v**2 - 821*v - 392. Give f(274).
-118
Let b(i) = -7*i**3 + 38*i**2 + 1534*i - 7742. Give b(5).
3
Let m(s) = -24*s**2 + 758*s + 309. Calculate m(32).
-11
Let g(d) = -2*d**3 - 327*d**2 + 163*d + 234. What is g(-164)?
398
Let z(p) = p**3 - 17*p**2 + 129*p - 2260. Determine z(17).
-67
Let j(t) = 11*t**3 - 936*t**2 + 79*t - 396. What is j(85)?
-906
Let z(a) = -8*a**2 - 21469*a + 215533. What is z(10)?
43
Let g(s) = -24*s**2 + 333*s - 3157. What is g(19)?
-5494
Let i(c) = -310*c**3 + 4*c**2 - 1840*c - 3686. What is i(-2)?
2490
Let p(o) = o**2 + 14664*o - 87977. What is p(6)?
43
Let q(z) = -2*z**3 + 27*z**2 - 657*z + 10361. Give q(15).
-169
Let j(b) = b**3 - 10*b**2 + 12*b + 24. Give j(3).
-3
Let c(b) = -7078*b + 113109. Calculate c(16).
-139
Let h(i) = 127*i - 1425. What is h(9)?
-282
Let a(z) = 4*z**2 + 499*z + 10586. Calculate a(-23).
1225
Let d(a) = -5131*a + 302734. Give d(59).
5
Let j(g) = -g**3 - 19*g**2 - 132*g + 365. Determine j(2).
17
Let u(z) = z**3 - 44*z**2 - 48*z - 46. Calculate u(45).
-181
Let c(b) = -3*b**2 + 193*b - 133. Determine c(59).
811
Let z(m) = 77*m + 1947. Give z(-27).
-132
Let l(i) = -2*i**2 - 250*i - 2397. Determine l(-10).
-97
Let b(k) = -k**3 + 47*k**2 - 236*k - 11. Give b(6).
49
Let h(u) = -u**3 + 7*u**2 - 34*u + 187. What is h(7)?
-51
Let i(n) = -n**3 - 21*n**2 - 33*n + 42. What is i(-9)?
-633
Let m(f) = -295*f**2 - 218*f - 217. What is m(-1)?
-294
Let s(g) = 2*g**3 + 74*g**2 - 584*g - 19057. Determine s(-38).
247
Let d(h) = -23584*h - 47279. Give d(-2).
-111
Let w(n) = 2168*n + 121371. Determine w(-56).
-37
Let p(u) = 51*u**2 + 2594*u - 343. Determine p(-51).
14
Let m(b) = 2965*b + 2899738. Determine m(-978).
-32
Let v(i) = -1718*i**2 - 15459*i - 29. Give v(-9).
-56
Let s(y) = 3*y**2 + 36414*y - 218584. What is s(6)?
8
Let q(n) = 2*n**2 - 410*n + 9361. Calculate q(179).
53
Let c(n) = -611*n + 13970. Determine c(23).
-83
Let u(n) = -20*n**2 - 143*n + 219. Give u(-9).
-114
Let c(f) = -1355*f + 17414. Determine c(13).
-201
Let h(g) = -573*g**3 - 4587*g**2 - 191*g - 1325. Give h(-8).
11
Let x(n) = -395*n + 46291. What is x(116)?
471
Let m(w) = -1024*w - 74039. Give m(-73).
713
Let v(g) = -g**3 + 93*g**2 - 742*g + 19134. Give v(87).
-6
Let r(o) = 69499*o - 1946027. Determine r(28).
-55
Let t(p) = 221